rue
Let w be 0/((-20)/(-2 + -3)). Suppose 5*c = -w*a - 3*a + 10, 4*c - 16 = -4*a. Is 37312/22 - (0 - c - -2) a prime number?
True
Is 23877*(-3)/(-12) + 18/(-72) a prime number?
False
Suppose -s - 4*s + 36237 = 4*n, 4*s = -5*n + 45303. Let q = 19702 - n. Is q a composite number?
False
Let n(b) = -9*b**3 - 5*b**2 + 10*b - 12. Let k be n(-5). Suppose 0 = -0*s - s - k. Let d = 1317 + s. Is d a composite number?
False
Suppose -4*h = 19 + 1, 4*w + 25 = -5*h. Suppose w = 11*j - 16*j + 32215. Is j prime?
False
Let r = 124 + -131. Is ((-40830)/(-42))/(-5)*r prime?
True
Let r(x) = 220*x**2 + 29*x + 17. Let z be r(-8). Suppose -3*w + z - 2372 = 0. Is w composite?
True
Let m = 390 - 62. Let j = m - 100. Suppose 5*w - j = 467. Is w prime?
True
Let k = -20590 - -81779. Is k a composite number?
True
Suppose -7*q + 9*q + 169835 = 3*u, -3*q + 113258 = 2*u. Is u a prime number?
False
Let r(w) = -w**3 - 5*w**2 - 7*w - 10. Let c be r(-10). Suppose 4*d - 4*y - 2728 = 0, 0 = d + y - c - 128. Is d prime?
False
Let c(f) = f**2 - 5*f - 31. Let y be c(-4). Is 3708*2 - (2 + (y - 2)) prime?
True
Let d(i) be the first derivative of -1 - 4*i - 1/4*i**4 - 10/3*i**3 + 2*i**2. Is d(-13) a composite number?
True
Let r(t) = t**2 - 8*t - 14. Let w be r(15). Let u = w + -78. Suppose u*q = q + 12804. Is q a prime number?
False
Let r(s) = s**3 + 7*s**2. Let b be r(-7). Let a be 1/(-4) + (b - (-5021)/4). Is a + (2 - -1) - -4 prime?
False
Suppose -2*f = -6, 5*b - 53 = 27*f - 28*f. Is 2631/(-6)*b/(-5) prime?
True
Let g be (12/(-48))/((-1)/12). Suppose -p + 3*w + 2*w = 17, g*p - 49 = -5*w. Let z(m) = 22*m - 33. Is z(p) composite?
True
Let u(w) = 157*w + 23. Let b(k) = k**3 + 17*k**2 + 12. Let c(f) = -4*f + 35. Let z be c(13). Let a be b(z). Is u(a) composite?
False
Let o(j) be the first derivative of -j**2/2 - 2*j - 1. Let y be o(-7). Suppose 0*w + 4*s = -w + 439, -5*s + 2240 = y*w. Is w prime?
False
Suppose -76 = -2*w + 2*s + 2*s, -s = -1. Let n(y) = 90*y + 33*y + w*y + 11 + 3*y. Is n(3) a composite number?
False
Let i be ((-6)/(-30))/((-23)/460). Suppose -2*k + 4 = -0*k - 5*j, j = -2*k - 8. Is k/i*(519 + -11) a prime number?
False
Let j = 17384 + 15873. Is j a composite number?
True
Suppose -13226*h = -13274*h + 2871408. Is h a prime number?
False
Suppose 0 = 4*j - 3*b - 3326 - 5668, 0 = j + b - 2259. Is j a composite number?
True
Let c = -18206 - -10423. Let s = 13394 + c. Is s a prime number?
False
Suppose 206*v - 16349503 = 18939327. Is v a composite number?
True
Let m = -59 - -62. Suppose -m*x + 5 = -13. Suppose x*n - d + 657 = 7*n, -5*d = 4*n - 2626. Is n composite?
False
Let m be (((-27)/12)/3)/(4/(-96)). Suppose 4*x - h - 2205 = 0, -m*h - 550 = -x - 19*h. Is x a composite number?
True
Suppose -9*p = -38463 - 12261. Suppose -2*w - p = -4*w. Suppose 0*c - w = -2*c + 4*a, 1419 = c - 4*a. Is c composite?
False
Suppose -5*d = -u - 144, 3*d + 23 - 108 = 2*u. Let a = d + -556. Let m = 909 + a. Is m a prime number?
False
Let a(n) = -n. Let q be ((-1)/(-2) - 3)*2. Let v be a(q). Suppose 1967 = 5*g - 4*l, 2*g - v*g + 5*l = -1188. Is g a prime number?
False
Let w be ((-4)/(-5))/((-2)/(-10)). Suppose -w*m - 1622 = -2*p, 2*m + 2433 = 4*p - p. Is p a composite number?
False
Let s be (68/6 + (-4 - 0))*3. Suppose s*u = 4*u + 393282. Is u a composite number?
True
Let t(k) = -4 - 45*k**2 - 36*k**2 + 14 + 9*k**3 + 92*k**2 + 11*k. Is t(9) composite?
False
Suppose -5*i = -r + 13180 - 634, 0 = 5*r - i - 62658. Is r a prime number?
False
Let i = -448 + 464. Suppose 15*r + 7339 = i*r. Is r a composite number?
True
Let p = -9160 + 53273. Is p a prime number?
False
Let g = 376 + 584. Let x = 3411 + g. Suppose 3*k = 7332 + x. Is k prime?
False
Let k = -51 - -55. Let o be 90*k*(-15)/18. Let w = o + 551. Is w prime?
True
Let d(k) = -k**3 + 20*k**2 + 82*k + 698. Is d(-48) composite?
True
Suppose 5*m = -5*f + 129425, 3*f - 7*m - 77663 = -8*m. Is f a composite number?
False
Suppose -f + 6*j - 5*j = 0, f + 5*j = 24. Let a(q) = 136*q**2 - 71*q**2 + f*q - q + 2 - 3. Is a(2) prime?
False
Let v(n) be the second derivative of 16*n + 145/3*n**3 + 0 + 15/2*n**2. Is v(7) a composite number?
True
Suppose 9 = -d + 28. Suppose d*k = -5*u + 22*k + 1976, 15 = 5*k. Is u prime?
True
Suppose -5*q = 15, 0 = -4*b + 4*q - 3*q - 2185. Let m(f) = 1801*f - 8. Let s be m(-1). Let o = b - s. Is o a prime number?
False
Is 3065422/54 + ((-2443)/(-189) - 13) prime?
True
Suppose -31*u + 3760481 = 57*u - 5*u. Is u prime?
True
Suppose -l = 4*s - 384363, 2*s - s = -2*l + 768754. Is l composite?
True
Let a(p) = -p**3 - 2*p**2 + p - 1. Let n be a(-3). Let u(i) be the second derivative of 10*i**4/3 - 29*i**2/2 - 911*i. Is u(n) prime?
True
Let v be 1308/10 - (-1)/5. Let g = v - -153. Suppose 3*d = 3*l + 5 - g, l - 105 = -5*d. Is l prime?
False
Is (5/(-15) - 1222375/600)/(2/(-16)) composite?
False
Let g(m) = -m. Let k be g(-5). Suppose 2*i = -3*z - z + 622, -k*z - 4*i + 782 = 0. Suppose 0 = -3*y + v + 1096, 3*y + v - 952 = z. Is y a composite number?
False
Let y(h) be the first derivative of 7*h**6/120 + h**5/20 + h**4/6 + 13*h**3/6 + 19*h**2/2 + 3. Let u(b) be the second derivative of y(b). Is u(6) composite?
False
Let v(r) = -14*r**2 + 3*r - 2. Let q be v(1). Let x(c) = -4*c**3 - 32*c**2 - 14*c + 4. Is x(q) a prime number?
False
Is ((-3448384)/(-192))/((7 + -8)/(15*-1)) composite?
True
Let n(s) = 3083*s**2 - 2*s - 2. Let h = 305 + -306. Is n(h) a prime number?
True
Let j(n) = -333*n - 26. Let k(y) = 998*y + 79. Let d(g) = -8*j(g) - 3*k(g). Let z be 48/(-5) + 156/(-390). Is d(z) prime?
True
Let h(k) = k**3 - k**2 + 225. Let y(m) be the second derivative of m**3/6 + m**2/2 + 11*m. Let v(s) = h(s) - 2*y(s). Is v(0) prime?
True
Let n = 3 - 3. Suppose 9*s - 18*s + 1107 = n. Is s a prime number?
False
Suppose 3*m + 72 = 12*m. Suppose 2*y = 2*c + 3394, 5*y + 12*c - m*c - 8449 = 0. Is y composite?
False
Let u be ((-120)/9)/((-3)/279*1). Suppose 4*p - u = -3*r, 2*p + 367 - 997 = -4*r. Is p composite?
False
Let u(q) = -19*q**3 + 6*q**2 + 9*q - 9. Let i(h) = 2*h**3 - h**2 - 1. Let z(n) = -4*i(n) - u(n). Let l be (-2)/(3/(1 + -7)). Is z(l) a prime number?
False
Let v(l) = 361*l**3 - 2*l**2 - 56*l + 251. Is v(4) prime?
True
Let r be (-23 - -28)*(-193 + -1). Let z = -746 + 2117. Let g = r + z. Is g composite?
False
Suppose -2*q + 527920 = -5*z + 194327, 833999 = 5*q + 4*z. Is q composite?
False
Is (-2805444)/(-4) + (-20)/(2 - 4) a composite number?
True
Suppose 10*d = 26*d + 169204 - 891780. Is d a composite number?
False
Let i(x) = -x**3 - 3*x**2 - 3. Let g be i(-3). Let m be g + -2*1087/(-2). Let r = m - 543. Is r a prime number?
True
Is (23318 + 0)*3 + (-13 - -18) a composite number?
False
Let l be (-8)/12 - (-1216)/(-12). Let c be ((-6)/15)/(4/(l + 2)). Is (2018/(-10))/((-42)/c + 4) composite?
False
Let o(j) = 114*j**3 + 4*j**2 - 37*j - 52. Is o(25) composite?
True
Let c be (0/(-1))/(-3) - 108/2. Let w = 54 + c. Suppose -2*m - 10 + 3288 = w. Is m composite?
True
Let x be 7971*((-42)/252)/((-2)/(-8)). Let u = x + 13103. Is u a prime number?
True
Suppose 2*c = 10, -94 - 520 = -4*r + 2*c. Suppose 20 + 64 = 14*y. Is r + -1 - (y/3 - 4) prime?
True
Let x(t) = 101578*t + 655. Is x(4) prime?
False
Let b = -5158 - -9477. Is b a composite number?
True
Let c be 584818/8 + -1 + 30/40. Suppose -f - 109653 = -4*f - z, 2*f = 3*z + c. Is f a composite number?
False
Suppose 10 = 2*q + 4*n, -2*q - 2*q + 9 = -3*n. Suppose -c = q*c - 6744. Suppose 4*o - 4*x = x + 3360, 4*x = 2*o - c. Is o prime?
False
Let u = 53 - 48. Let b(t) = -t**3 - 3*t**2 - 1. Let c be b(-3). Is (c/1)/(u/(-1535)) composite?
False
Let y be (-7)/((-77)/122) + (-1)/11. Suppose -j = n - 4289, 14*j - y*j - 2*n - 12877 = 0. Is j composite?
True
Let b(o) = 1799*o - 193. Let z(x) = 1. Let g(q) = -b(q) + 6*z(q). Is g(-8) a composite number?
False
Suppose 4*d - h + 5*h = 865776, 4*d - 3*h - 865825 = 0. Is d composite?
False
Let g(z) = -27*z**2 - 35*z + 33. Let w(r) = -29*r**2 - 37*r + 33. Let u(v) = -7*g(v) + 6*w(v). Is u(31) a composite number?
True
Suppose 2*n = 99903 + 67863. Suppose -3*c + 55922 = 2*j, 3*j - 8*c - n = -3*c. Is j composite?
False
Is (28/(-6))/(32/(-8663856)) a composite number?
True
Suppose 13*k = 34*k - 41*k + 2445340. Is k prime?
True
Suppose 5*j - 9 = v, -j + 6 = 3*v - 15. Let d be 